 -9 = f + b. Calculate the remainder when (-60)/f - (-6)/(-8) is divided by 1.
0
Suppose -14*d - l = -11*d - 681, -2*d + 454 = 2*l. What is the remainder when d is divided by 10?
7
Let m(v) = v + 4. Let h be m(0). Suppose t - 2*p = -6*p + 29, -2 = 2*t - h*p. Let j(o) = o + 7. What is the remainder when 30 is divided by j(t)?
14
Let p(i) = i**2 - i + 1. What is the remainder when 49 is divided by p(4)?
10
Let g(x) = -5*x + 1. Let r be g(-3). Suppose 4*o - r = 24. Suppose 2*y = 56 - o. Calculate the remainder when y is divided by 8.
7
Let y(o) = o**3 + 10*o**2 + 8*o + 3. What is the remainder when y(-9) is divided by 5?
2
Suppose -15*b = -16*b + 43. Calculate the remainder when b is divided by (20/(-6))/((-2)/9).
13
Let k(w) = -6*w - 7. Suppose 2*g + 0*g - 117 = 3*m, 2*g + 4*m - 152 = 0. Let i = g - 16. Calculate the remainder when i is divided by k(-4).
16
Suppose w - 16 = 2*w. Let p = 24 + w. Suppose 0*a - 4*a + p = 0. What is the remainder when 4 is divided by a?
0
What is the remainder when 30/(-25) - -1 - 156/(-5) is divided by 17?
14
Let r be (-1)/5 + (-343)/35. Let y be 24/(((-9)/6)/(-1)). Let b = r + y. What is the remainder when 16 is divided by b?
4
Calculate the remainder when 56 is divided by 15*1 - (-6 - -2).
18
Let t(b) = -b**3 + b**2 + 3*b + 3. What is the remainder when 34 is divided by t(-2)?
7
Calculate the remainder when (1 - -24) + (11 - 7) is divided by 8.
5
Let f be 15/10 + 39/(-2). Calculate the remainder when 30 is divided by (24/5)/(f/(-60)).
14
Suppose 5*n - 137 = z, -6*n + 3*n = -5*z - 91. What is the remainder when 15 is divided by (-8)/36 + 222/n?
7
Let l(b) be the third derivative of -b**4/2 + b**2. What is the remainder when l(-1) is divided by 15/2 - (-2)/(-4)?
5
Suppose 7*f = 3*r + 3*f - 74, 2*r + 4*f = 56. Suppose -a = -7 - r. Calculate the remainder when a is divided by 9.
6
Suppose 0 = r + 3*q + 29, 3*r + 30 = -4*q - 32. Let i = r + 25. Calculate the remainder when 2/11 - (-218)/11 is divided by i.
9
Let u = 151 - 30. What is the remainder when u is divided by 41?
39
Let m(d) = -d**3 + 12*d**2 - 11*d + 6. Let k(w) = -w**2. Let o(t) = 4*k(t) + m(t). Calculate the remainder when o(4) is divided by 15.
11
Let z = 39 + -31. What is the remainder when 23 is divided by z?
7
Suppose -121 = 3*p - 460. Calculate the remainder when p is divided by 23.
21
Let u = -1 - -16. Suppose 8 = 3*w - 4. Suppose -t + 3 = a, -2*t + w*t + 5*a = -9. Calculate the remainder when u is divided by t.
7
Let h(g) = 2*g + 7. Let d be h(-5). Calculate the remainder when d - -2 - -3 - -2 is divided by 3.
1
Let s(a) = 2*a**2 + 2*a - 8. Let n = 129 + -102. What is the remainder when s(-6) is divided by n?
25
Suppose 0*b = 2*b - 32. Let j = 73 + -27. What is the remainder when j is divided by b?
14
Suppose -2*m + 2*t = 7 + 7, -2*m - 3*t - 19 = 0. Calculate the remainder when 32 is divided by ((-2)/3)/(m/132).
10
Let k = 3 - 3. Suppose x + 1 + 0 = k, 0 = l + x - 1. Suppose 4*q = 2*b + l*b + 88, 4*b = -4*q + 80. What is the remainder when q is divided by 11?
10
Let h = -26 - -37. What is the remainder when 29 is divided by h?
7
Suppose -111 = -2*d - 3*a, 0*d + d - 48 = a. Let h = -129 + d. Let o = -49 - h. What is the remainder when o is divided by 10?
9
Suppose -y + 26 + 9 = 0. Let w = 93 - y. What is the remainder when w is divided by 20?
18
Let b(j) = -6*j**3 - 3*j**2 - 2*j - 3. Let p(l) = -l**2 + l + 4. Let s be p(3). What is the remainder when b(s) is divided by 10?
7
Let b be (2 + -2)*(-1)/2. What is the remainder when b + 2*53/2 is divided by 9/(4 + 55/(-15))?
26
Let p = 190 - 157. What is the remainder when 162 is divided by p?
30
Suppose 12 = -t + 21. Let p(c) = c**2 + c - 3. Calculate the remainder when 2 + 3 - (-11 + t) is divided by p(-3).
1
Let f = -15 + 29. Let z(s) = -s + 17. What is the remainder when f is divided by z(12)?
4
Suppose -2*d - 22 = -5*q - 0*q, -4*q + 12 = -3*d. Let u = 11 - 9. Calculate the remainder when q is divided by u.
0
Suppose 5*b - 29 + 9 = 0. Let v = b + 9. Calculate the remainder when 1 + -1 - 24/(-1) is divided by v.
11
Let p be 1/((-1)/(-2)*-2). Let v = 15 - p. What is the remainder when v is divided by 9?
7
Suppose 5*r - 96 = 2*r. What is the remainder when r is divided by 18?
14
Let r(b) = b**2 - 3*b + 4. Let k be r(3). Suppose 3*m = -2*m - k*x + 163, -39 = -m - 4*x. Calculate the remainder when m is divided by 17.
14
Let i = -65 - -70. Let f(n) = -n**3 + 2*n**2 + 2*n. Let p be f(3). Calculate the remainder when 2/(p/((-78)/4)) is divided by i.
3
Let w be (3 - 0)*4/(-3). Let l(t) = 8*t - 2. Let r be l(w). Calculate the remainder when 1*r/(0 - 2) is divided by 6.
5
Suppose 0 = 4*j + 17 - 33. Calculate the remainder when 34 is divided by j.
2
Let h(k) = -k**2 + 9*k + 6. What is the remainder when h(5) is divided by 11?
4
Let n(g) = -g**2 + 7*g + 1. Let b be n(-5). Let u = b - -90. Suppose -w + 12 = h - 0*h, 37 = 3*w + 4*h. What is the remainder when u is divided by w?
9
Suppose -8*x = -4*x - 60. Calculate the remainder when 56 is divided by x.
11
Let p(u) = 2*u. Calculate the remainder when 14 is divided by p(4).
6
Let t(h) = 2*h**2 + h. Let d = -2 + 0. Let z(f) = -3*f - 2. What is the remainder when t(2) is divided by z(d)?
2
Suppose 4*u - 64 = -4*n, -3*u + 2*u - 3*n = -8. Suppose 0*j - 30 = -2*j - f, -8 = 4*f. Suppose 4*z - j = u. Calculate the remainder when 16 is divided by z.
7
Let p = -19 - -32. Let d(f) = f**3 - 8*f**2 - 8*f - 4. Calculate the remainder when p is divided by d(9).
3
Let k = -8 - -19. Let b(q) = -8*q - 5. What is the remainder when b(-6) is divided by k?
10
Let v(y) be the third derivative of -7*y**4/6 + y**3/6 - 2*y**2. Let j = -1 - 0. What is the remainder when v(j) is divided by 10?
9
Suppose 2*w - 2*f - 10 = 2, 2*f - 13 = -3*w. Calculate the remainder when 7 is divided by w.
2
Let d(a) = a + 3. Calculate the remainder when 53 is divided by d(6).
8
Let l = -30 + 38. Calculate the remainder when 25 is divided by l.
1
Suppose 2*r - 4 = r. Calculate the remainder when 15 is divided by r.
3
Let n(s) = 2*s - 5. Calculate the remainder when 36 is divided by n(9).
10
Let u = -57 + 166. What is the remainder when u is divided by 28?
25
Suppose -4*w + 9 = 5*m - 4, 4 = 4*m. Let q be (1 - -28) + w + -4. Calculate the remainder when 111*(-3)/(q/(-3)) is divided by 13.
11
Let w(k) = k + 16. What is the remainder when w(9) is divided by 7?
4
Suppose -5*k + 8 = l + l, k = -2*l. Let r be 2/(-20)*-94 + (-12)/30. Suppose -r = -k*w + w. Calculate the remainder when 26 is divided by w.
8
Suppose -2*d + 23 + 3 = 0. What is the remainder when (-2 - -24) + (-1)/(-1) is divided by d?
10
Suppose 0 = 5*v + 2*f - 55, 0 = -0*f + 2*f. Let t(a) = 8*a**2 + a. What is the remainder when t(-2) is divided by v?
8
Suppose 5*y = 5*p - 45, -5*p + 7*y - 4*y + 41 = 0. Calculate the remainder when 2/(-2 + 42/20) is divided by p.
6
Let f(l) be the first derivative of 13*l**3/3 + l**2/2 + l - 1. Let d = -4 + 3. Calculate the remainder when 37 is divided by f(d).
11
Suppose 4*t - 17 + 5 = 0. Suppose -2*b + t*b = -4*p + 81, 5*b + 2*p - 333 = 0. What is the remainder when b is divided by 17?
14
Suppose -2*d - x = 2*x - 79, -46 = -d + 5*x. What is the remainder when d is divided by 14?
13
Suppose 0 = -b + 19 + 8. What is the remainder when b is divided by 15?
12
Let b = 288 - 182. What is the remainder when b is divided by 27?
25
Suppose -d + 10 + 5 = 0. Calculate the remainder when d is divided by 8.
7
Let q = 54 + 14. Calculate the remainder when q is divided by 24.
20
Suppose 0 = 4*o + 8, -18 = -2*i - 4*o + 58. What is the remainder when i is divided by 15?
12
Let d be (-5)/((-10)/12) + 0. Suppose 0 = -2*w + 14 - d. Suppose -2*j - j - 94 = -5*g, -w*g = -5*j - 83. What is the remainder when g is divided by 9?
8
Suppose 2*n - 4*u + u - 100 = 0, 120 = 2*n + 2*u. What is the remainder when n is divided by 12?
8
Suppose 2*j + 10 = j. Let o(u) = -u**3 - 10*u**2 + 2. Let n be o(j). Suppose n*s = s + 37. What is the remainder when s is divided by 19?
18
Suppose 5*a = 7*a. Suppose -s + 8 = 2*r, -s + 3*r - r = a. Calculate the remainder when 20 is divided by s + (1 - (0 - 2)).
6
Let t(z) = -z**3 + z**2 - z - 5. Calculate the remainder when 106 is divided by t(-2).
7
Let y(d) = 5*d - 7. Let b be y(5). Let g be (-4)/b + 620/(-45). 